5142 composite?
True
Is 7279 a composite number?
True
Is 127879 composite?
True
Is 138053 composite?
False
Is 242707 prime?
False
Is 75149 a prime number?
True
Is 429979 composite?
True
Is 3593 prime?
True
Is 10211 composite?
False
Is 558605 composite?
True
Is 63809 a composite number?
False
Is 3137 a prime number?
True
Is 6401 prime?
False
Is 3223943 a prime number?
True
Is 9791 prime?
True
Is 13766 prime?
False
Is 182663 a composite number?
True
Is 12791 a prime number?
True
Is 9883 composite?
False
Is 840683 a composite number?
False
Is 117763 prime?
True
Is 3513 a prime number?
False
Is 3377 a prime number?
False
Is 839 a composite number?
False
Is 173645 a prime number?
False
Is 68171 prime?
True
Is 907 a prime number?
True
Is 34973 composite?
True
Is 75859 prime?
False
Is 1363 composite?
True
Is 68633 prime?
True
Is 5755 a composite number?
True
Is 100907 a prime number?
True
Is 19385 prime?
False
Is 221423 prime?
False
Is 71458 composite?
True
Is 110527 a prime number?
True
Is 19571 prime?
True
Is 87983 a composite number?
True
Is 10289 composite?
False
Is 686963 composite?
False
Is 323243 a prime number?
True
Is 1193 a composite number?
False
Is 386549 a composite number?
False
Is 71693 composite?
False
Is 14738 a composite number?
True
Is 29695 a composite number?
True
Is 240089 prime?
True
Is 89783 prime?
True
Is 5261 composite?
False
Is 1328077 composite?
False
Is 33979 a composite number?
True
Is 35521 prime?
True
Is 642011 a prime number?
True
Is 104513 a composite number?
False
Is 2995 a prime number?
False
Is 1733 composite?
False
Is 222409 composite?
True
Is 4054 a composite number?
True
Is 880429 a composite number?
True
Is 801503 prime?
True
Is 3500437 a composite number?
True
Is 4742 composite?
True
Is 33403 a composite number?
False
Is 16138 a composite number?
True
Is 223403 a prime number?
True
Is 27397 prime?
True
Is 21439 composite?
True
Is 167731 composite?
True
Is 5199 composite?
True
Is 30437 a composite number?
True
Is 15727 prime?
True
Is 13577 prime?
True
Is 7591 composite?
False
Is 6449 a composite number?
False
Is 174221 a composite number?
False
Is 25561 prime?
True
Is 1242013 prime?
False
Is 33479 a prime number?
True
Is 69191 a composite number?
False
Is 5623 prime?
True
Is 3041 composite?
False
Is 110762 composite?
True
Is 28709 composite?
True
Is 363217 prime?
True
Is 606103 a composite number?
True
Is 158965 a prime number?
False
Is 1896823 a composite number?
False
Is 14969 a prime number?
True
Is 670097 a prime number?
True
Is 4091 a prime number?
True
Is 1563693 composite?
True
Is 16913 a composite number?
True
Is 11299 a prime number?
True
Is 3983 prime?
False
Is 24359 a composite number?
False
Is 14728133 prime?
False
Is 178643 a composite number?
False
Is 329 prime?
False
Is 3593 prime?
True
Is 476507 a composite number?
False
Is 11617 composite?
False
Is 36611 composite?
True
Is 8939 a composite number?
True
Is 73769 prime?
False
Is 125582 a prime number?
False
Is 52867 prime?
False
Is 51154 a composite number?
True
Is 26326 a prime number?
False
Is 14119 prime?
False
Is 12007 prime?
True
Is 12422 composite?
True
Is 5939 a prime number?
True
Is 7477 composite?
False
Is 19829 prime?
False
Is 4327 a prime number?
True
Is 43331 a prime number?
True
Is 75351 prime?
False
Is 14957 a composite number?
False
Is 605687 prime?
True
Is 103543 composite?
True
Is 846997 prime?
True
Is 218357 composite?
False
Is 28117 a composite number?
True
Is 2503 a composite number?
False
Is 199802 prime?
False
Is 104903 a composite number?
True
Is 718 composite?
True
Is 2611 prime?
False
Is 5581 a composite number?
False
Is 20555 a prime number?
False
Is 14453 prime?
False
Is 292819 a prime number?
True
Is 826739 composite?
True
Is 90905 a prime number?
False
Is 5227 a composite number?
False
Is 49391 composite?
False
Is 169379 prime?
False
Is 29983 a prime number?
True
Is 244357 prime?
True
Is 33679 a composite number?
False
Is 44953 a composite number?
False
Is 58493 a composite number?
True
Is 78959 a prime number?
False
Is 111351 a prime number?
False
Is 263 a composite number?
False
Is 154753 a composite number?
False
Is 12367 a composite number?
True
Is 991 a prime number?
True
Is 44569 prime?
False
Is 9647 a prime number?
False
Is 199663 composite?
True
Is 61781 a prime number?
True
Is 1639 a prime number?
False
Is 344093 a prime number?
False
Is 402823 composite?
False
Is 241283 a prime number?
False
Is 51253 a prime number?
False
Is 8057 a prime number?
False
Is 16837 prime?
False
Is 124069 a prime number?
False
Is 5227 a prime number?
True
Is 105227 composite?
False
Is 3119359 prime?
False
Is 168067 a prime number?
True
Is 1143649 a prime number?
False
Is 9495799 a composite number?
False
Is 94079 a prime number?
True
Is 198847 a composite number?
True
Is 83051 a prime number?
False
Is 2285 a composite number?
True
Is 19289 composite?
False
Is 1961321 a composite number?
False
Is 3991 composite?
True
Is 1151 a prime number?
True
Is 1909 prime?
False
Is 13553 prime?
True
Is 10447 composite?
True
Is 958159 a composite number?
False
Is 1155997 prime?
True
Is 86069 composite?
False
Is 87823 composite?
True
Is 9083 prime?
False
Is 25019 composite?
True
Is 94201 a composite number?
False
Is 39187 a prime number?
False
Is 22927 a composite number?
True
Is 4559 a prime number?
False
Is 593573 a prime number?
True
Is 701 a prime number?
True
Is 1201439 a composite number?
False
Is 263477 a composite number?
True
Is 557423 prime?
True
Is 178267 a composite number?
True
Is 73946 prime?
False
Is 686473 prime?
True
Is 48353 prime?
True
Is 4847 prime?
False
Is 10427 composite?
False
Is 49057 composite?
False
Is 837037 a composite number?
True
Is 19519 composite?
True
Is 22303 composite?
False
Is 52141 a composite number?
True
Is 8807 prime?
True
Is 225389 a composite number?
True
Is 244583 a composite number?
False
Is 8353 composite?
False
Is 517259 a prime number?
False
Is 10645 a composite number?
True
Is 192813 prime?
False
Is 141 composite?
True
Is 12941 a composite number?
False
Is 36691 a composite number?
False
Is 5105 prime?
False
Is 1038113 a prime number?
False
Is 479821 a prime number?
True
Is 122347 composite?
False
Is 8639 a prime number?
False
Is 101149 a composite number?
False
Is 37817 a prime number?
False
Is 138847 composite?
True
Is 42337 a composite number?
False
Is 391 a prime number?
False
Is 8797 a prime number?
False
Is 1087 a prime number?
True
Is 163147 a composite number?
False
Is 1423 composite?
False
Is 12239 composite?
False
Is 269447 a composite number?
True
Is 8923 prime?
True
Is 21374 prime?
False
Is 183023 prime?
True
Is 302317 composite?
False
Is 72737 a prime number?
False
Is 5147 composite?
False
Is 3242039 a composite number?
False
Is 451853 a prime number?
False
Is 2991 a prime number?
False
Is 498139 a composite number?
True
Is 37211 prime?
False
Is 98354 a prime number?
False
Is 541429 a composite number?
True
Is 148331 a composite number?
False
Is 174037 prime?
False
Is 22531 a composite number?
False
Is 885679 prime?
True
Is 172015 prime?
False
Is 130793 prime?
False
Is 12517 a prime number?
True
Is 1909 composite?
True
Is 1176883 a prime number?
False
Is 68914 prime?
False
Is 2770951 prime?
False
Is 593 a prime number?
True
Is 250123 prime?
True
Is 24847 a composite number?
False
Is 7591 a composite number?
False
Is 79133 composite?
False
Is 233287 a prime number?
False
Is 32093 a composite number?
True
Is 49541 a composite number?
True
Is 1399 a composite number?
False
Is 847807 a prime number?
False
Is 26981 a composite number?
False
Is 411322 a prime number?
False
Is 852001 a prime number?
False
Is 1777 composite?
False
Is 14439 a composite number?
True
Is 5513 composite?
True
Is 58637 prime?
False
Is 664061 prime?
True
Is 128509 a prime number?
True
Is 1249091 prime?
True
Is 69899 a prime number?
True
Is 42487 composite?
False
Is 330955 composite?
True
Is 200779 prime?
True
Is 11463 composite?
True
Is 198551 a prime number?
False
Is 172661 a composite number?
True
Is 6997 a prime number?
True
Is 1442857 a prime number?
False
Is 7655 a prime number?
False
Is 85 a composite number?
True
Is 133481 a composite number?
False
Is 2008717 composite?
False
Is 4955 a prime number?
Fals